{"id":15,"date":"2017-02-10T10:50:26","date_gmt":"2017-02-10T09:50:26","guid":{"rendered":"http:\/\/auto-ecole-sociale.be\/?page_id=15"},"modified":"2025-04-25T14:35:01","modified_gmt":"2025-04-25T12:35:01","slug":"le-permis-de-conduire","status":"publish","type":"page","link":"https:\/\/auto-ecole-sociale.be\/","title":{"rendered":"Le permis de conduire"},"content":{"rendered":"<p style=\"text-align: center;\">\n<h2><em>Quelles conditions faut-il remplir pour acc\u00e9der \u00e0 notre auto-\u00e9cole sociale?<\/em><\/h2>\n<p>Etre demandeur(se) d&#8217;emploi inoccup\u00e9(e)\u00a0 inscrit(e)\u00a0 depuis au moins 12 mois, inscrit(e) au FOREM ou \u00e9quivalent (ACTIRIS\u2026) (Pas n\u00e9cessairement ch\u00f4meur(se) indemnis\u00e9(e)). La phase de stage d&rsquo;insertion (anciennement stage d&rsquo;attente) est \u00e9galement prise en compte.<\/p>\n<p>OU<\/p>\n<p>Etre b\u00e9n\u00e9ficiaire du revenu d&rsquo;int\u00e9gration sociale (CPAS) ou d&rsquo;une aide sociale \u00e9quivalente.<\/p>\n<p>OU<\/p>\n<p>Etre atteint(e) d&rsquo;un handicap reconnu \u00e0 + de 80% ou \u00e0 + de 12 points.<\/p>\n<h2><i>Pour quel permis ?<\/i><\/h2>\n<p>L&rsquo;auto-\u00e9cole sociale forme uniquement pour le permis \u00abB\u00bb.<\/p>\n<h2 style=\"text-align: left;\"><i>Combien cela va co\u00fbter ?<\/i><\/h2>\n<p><strong>* Pour la formation THEORIQUE :<\/strong><\/p>\n<p>Notre auto-\u00e9cole organise une session de cours th\u00e9oriques par mois.<\/p>\n<p>Les auto-\u00e9coles commerciales organisent cette formation en 12 heures.<\/p>\n<p>Nous proposons une formation de 24 heures r\u00e9parties en 8 matin\u00e9es de 3 heures.<\/p>\n<p>De plus, nous vous proposons 10 heures d&rsquo;exercices de simulation de questions d&rsquo;examen sur ordinateur.<\/p>\n<h6><\/h6>\n<p>Cette formation de <strong>34<\/strong> <strong>heures<\/strong> vous co\u00fbtera <strong>100\u00a0\u20ac<\/strong> (TVAC).<\/p>\n<p><strong>* Pour la formation PRATIQUE :<\/strong><\/p>\n<p>Un minimum de <strong>20 heures<\/strong> de cours est obligatoire pour obtenir un permis provisoire de 18 mois.<\/p>\n<p>Ce permis provisoire est octroy\u00e9 par votre administration apr\u00e8s le passage d&rsquo;un test de capacit\u00e9 \u00e0 la conduite au centre d&rsquo;examen (co\u00fbt : 69 \u20ac).<\/p>\n<p>Pour plus d&rsquo;informations sur cet examen, cliquez sur ce lien: <a href=\"http:\/\/www.goca.be\/fr\/p\/TPR-r\u00e9gion-wallonne\" target=\"_blank\" rel=\"noopener\">http:\/\/www.goca.be\/fr\/p\/TPR-r\u00e9gion-wallonne<\/a><\/p>\n<h6><\/h6>\n<p>Le prix pour <strong>20 heures<\/strong>, au sein de notre auto-\u00e9cole sociale, est de <strong>900 \u20ac<\/strong> (TVAC).<\/p>\n<h6><\/h6>\n<p>Si vous d\u00e9sirez passer votre examen au permis de conduire directement, sans passer par un permis provisoire, il vous faudra faire <strong>30<\/strong> <strong>heures<\/strong> de cours en auto-\u00e9cole.<\/p>\n<h6><\/h6>\n<p>Le prix de ces <strong>30 heures<\/strong>, au sein de notre auto-\u00e9cole sociale, est de <strong>1400 \u20ac<\/strong> (TVAC).<\/p>\n<h2><em>Comment financer un tel montant ?<\/em><\/h2>\n<p>Pour les forfaits de 20 et 30 heures, vous pouvez proposer un paiement en 2 fois.<\/p>\n<h6><\/h6>\n<p>Certains CPAS peuvent intervenir en tout ou en partie au financement de votre permis. Si vous d\u00e9pendez d&rsquo;un CPAS, n&rsquo;h\u00e9sitez pas \u00e0 vous adresser \u00e0 votre assistant(e) social(e).<\/p>\n<h6><\/h6>\n<p>L&rsquo;auto-\u00e9cole sociale dispose \u00e9galement d&rsquo;un partenariat avec la coop\u00e9rative sociale CREDAL qui peut, sous certaines conditions, vous accorder un \u00abcr\u00e9dit social accompagn\u00e9\u00bb.\u00a0Pour plus d&rsquo;informations sur le micro-cr\u00e9dit propos\u00e9 par CREDAL, cliquez ici :\u00a0<a href=\"https:\/\/www.monceau-fontaines.be\/portfolio-items\/credal\/\" target=\"_blank\" rel=\"noopener\">https:\/\/www.monceau-fontaines.be\/portfolio-items\/credal\/<\/a><\/p>\n<h6><\/h6>\n<h6><\/h6>\n<p><strong>La date de la prochaine s\u00e9ance d&rsquo;information se trouve<\/strong>\u00a0 <a href=\"http:\/\/auto-ecole-sociale.be\/index.php\/inscription-2\/\">ici<\/a> \u00a0:<\/p>\n<blockquote class=\"wp-embedded-content\" data-secret=\"Uh94soH0Xk\"><p><a href=\"https:\/\/auto-ecole-sociale.be\/index.php\/inscription-2\/\">Inscription<\/a><\/p><\/blockquote>\n<p><iframe class=\"wp-embedded-content\" sandbox=\"allow-scripts\" security=\"restricted\" style=\"position: absolute; clip: rect(1px, 1px, 1px, 1px);\" title=\"\u00ab\u00a0Inscription\u00a0\u00bb &#8212; auto-ecole-sociale\" src=\"https:\/\/auto-ecole-sociale.be\/index.php\/inscription-2\/embed\/#?secret=Kc6XGjF7kl#?secret=Uh94soH0Xk\" data-secret=\"Uh94soH0Xk\" width=\"600\" height=\"338\" frameborder=\"0\" marginwidth=\"0\" marginheight=\"0\" scrolling=\"no\"><\/iframe><\/p>\n","protected":false},"excerpt":{"rendered":"<p>Quelles conditions faut-il remplir pour acc\u00e9der \u00e0 notre auto-\u00e9cole sociale? Etre demandeur(se) d&#8217;emploi inoccup\u00e9(e)\u00a0 inscrit(e)\u00a0 depuis au moins 12 mois, inscrit(e) au FOREM ou \u00e9quivalent (ACTIRIS\u2026) (Pas n\u00e9cessairement ch\u00f4meur(se) indemnis\u00e9(e)). La phase de stage d&rsquo;insertion (anciennement stage d&rsquo;attente) est \u00e9galement prise en compte. OU Etre b\u00e9n\u00e9ficiaire du revenu d&rsquo;int\u00e9gration sociale (CPAS) ou d&rsquo;une aide sociale [&hellip;]<\/p>\n","protected":false},"author":1,"featured_media":0,"parent":0,"menu_order":0,"comment_status":"closed","ping_status":"closed","template":"page-templates\/page_front-page.php","meta":[],"_links":{"self":[{"href":"https:\/\/auto-ecole-sociale.be\/index.php\/wp-json\/wp\/v2\/pages\/15"}],"collection":[{"href":"https:\/\/auto-ecole-sociale.be\/index.php\/wp-json\/wp\/v2\/pages"}],"about":[{"href":"https:\/\/auto-ecole-sociale.be\/index.php\/wp-json\/wp\/v2\/types\/page"}],"author":[{"embeddable":true,"href":"https:\/\/auto-ecole-sociale.be\/index.php\/wp-json\/wp\/v2\/users\/1"}],"replies":[{"embeddable":true,"href":"https:\/\/auto-ecole-sociale.be\/index.php\/wp-json\/wp\/v2\/comments?post=15"}],"version-history":[{"count":69,"href":"https:\/\/auto-ecole-sociale.be\/index.php\/wp-json\/wp\/v2\/pages\/15\/revisions"}],"predecessor-version":[{"id":4308,"href":"https:\/\/auto-ecole-sociale.be\/index.php\/wp-json\/wp\/v2\/pages\/15\/revisions\/4308"}],"wp:attachment":[{"href":"https:\/\/auto-ecole-sociale.be\/index.php\/wp-json\/wp\/v2\/media?parent=15"}],"curies":[{"name":"wp","href":"https:\/\/api.w.org\/{rel}","templated":true}]}}